 Suppose 7*j = 10*j - 9, -p*g + 4*j = -18. Calculate the remainder when g is divided by 4.
2
Let z(d) = -15*d + 12. Let a be z(-2). Let l = a - -15. Suppose 0 = -3*m + m - 3*k + l, 4*k + 20 = 0. Calculate the remainder when 68 is divided by m.
32
Suppose 372 = 4258*g - 4255*g. Calculate the remainder when g is divided by 42.
40
Suppose 2*m - m - 4*a - 182 = 0, -5*a = -15. Calculate the remainder when m is divided by -2 + 53 - (-7 + 9).
47
Let w(f) = -f**3 - 48*f**2 + 39*f - 253. What is the remainder when w(-54) is divided by 87?
86
Suppose -20 = 4*a, 3*d - 480*a - 95 = -482*a. Suppose 0*m + 4*m - 76 = 0. What is the remainder when d is divided by m?
16
Suppose -2*i + 0*i = -18. Suppose 8*c = -74 + 26. Calculate the remainder when 1/c + 78/36 + 12 is divided by i.
5
Let p(s) = s**2 + 1167*s + 30788. Let o(k) = -k**3 - 2*k**2 + 2*k + 5. Calculate the remainder when o(-5) is divided by p(-27).
6
Let k = 4 + 43. Suppose -t - 15 = -k. Suppose 2*d + 19*m = 21*m + 176, 3*d - 2*m = 268. Calculate the remainder when d is divided by t.
28
Let i(k) = -17*k - 17. Suppose 6*s - 5*s + 5 = 0. Let p be i(s). Suppose -2*q - 3*q - 2*d = -p, -q + 3*d = 0. What is the remainder when 22 is divided by q?
10
Suppose -182 = 1451*h - 1465*h. Let r = 20 - -56. Suppose -h*b = -11*b - r. What is the remainder when b is divided by 21?
17
Suppose -5455 = -2*i - u, i + 3*u - 2735 = 5*u. What is the remainder when i is divided by 38?
31
Suppose -7 = 9*d + 4*j - 64, -5*j = 4*d - 6. Calculate the remainder when 3184 is divided by d.
7
Suppose 186*c - 6*g = 181*c + 6020, -4*g = c - 1230. Calculate the remainder when c is divided by 200.
10
Let l = 73 + 104. Let d = 223 - l. Calculate the remainder when 228 is divided by d.
44
Let z(a) = -a**3 + 4*a**2 + 17*a - 18. What is the remainder when 0 + 0 + 107 + -2 is divided by z(6)?
9
Let w be 5/((-1)/(4 + (-10)/2)). What is the remainder when 39 is divided by ((-70)/(-25))/(2/w)?
4
Suppose -3*v + 1999 = 4*w, 4*v - 2658 = -4*w + 6*w. Calculate the remainder when v is divided by 176.
137
Let p = 316 - 66. Suppose 0 = -6*l + p + 296. Calculate the remainder when l is divided by 31.
29
Suppose 368*i - 100063 = 174833. What is the remainder when i is divided by 227?
66
Suppose 5*j = -4*s + 614, 24*s - 26*s = -4*j - 346. What is the remainder when 946 is divided by s?
141
Let l = -13983 + 14144. Calculate the remainder when l is divided by 34.
25
Suppose 5*n + 6*o + 5 = 10*o, -4*n = 3*o + 35. Calculate the remainder when 134 is divided by 6 - ((-32 - n) + -2).
29
Calculate the remainder when (3 - (-4984)/4) + (16 + -15)*5 is divided by 45.
39
Calculate the remainder when 2005 is divided by (-20)/16 + (-3 - -2 - (-1090)/8).
129
Let m = 437 + -113. Suppose -3*j + 324 = -2*s, -j = -4*j - s + m. Suppose -2*n = x - j + 35, 15 = -5*x. Calculate the remainder when n is divided by 22.
16
Let t(a) = -5*a**2 - 305*a - 267. Calculate the remainder when 943 is divided by t(-60).
19
Suppose -2*h = 4*o - 54 + 46, 0 = 2*h - 3*o - 1. Suppose -23*y + h*y = -42. What is the remainder when 21 is divided by y?
1
Suppose -5*z - 2*k + 2983 = 0, k + 23 = z - 568. Calculate the remainder when z is divided by 86.
79
Let y = -192 + -36. Let a = y - -250. Calculate the remainder when 83 is divided by a.
17
Suppose 347*m + 675*m - 8418 = 34506. Suppose 4*o - 17 = 19. Calculate the remainder when m is divided by o.
6
Let j be (25*6/(-45))/((-4)/18). Suppose 0 = -4*c + 9*c - 2*t - 160, j = 3*t. Calculate the remainder when 236 is divided by c.
32
Let q(m) = -34*m**2 - 5*m - 20. Let h be q(-4). Let s = 813 + h. What is the remainder when s is divided by 18?
17
Suppose 3349 = 9*w - 3347. Suppose 532 + w = 44*v. Calculate the remainder when 53 is divided by v.
24
Suppose -530 = -6*c - 1712. Let o = c + 235. Calculate the remainder when 378 is divided by o.
36
Suppose -3*u - 11*u = -196. Let p be 2174/u - 52/182. Suppose p = -14*n + 19*n. What is the remainder when n is divided by 17?
14
Let q = 4082 - 4070. Let n = 6 + -2. Suppose 29 = n*i - 79. Calculate the remainder when i is divided by q.
3
Let n(h) = h + 120. Let l be 21/3 + 96/8. What is the remainder when n(l) is divided by 46?
1
Suppose -3*p - 9 = 0, 3*p + 101 - 278 = 2*m. Let f be (6 - -6)*1/4*34. Let h = f + m. What is the remainder when 24 is divided by h?
6
Suppose -4*m + 2*m - 4*o + 14 = 0, 12 = 2*m + 2*o. Let q be m/(15/(-12)) - -70. Let c = q + 37. Calculate the remainder when c is divided by 18.
13
Let h = -28545 - -28620. Calculate the remainder when 1877 is divided by h.
2
Suppose -5*o + 405 = 5*z, o - 2*z - 2*z = 56. What is the remainder when o is divided by ((-60)/(-1200) - 3/(-4))*(-15)/(-2)?
4
Suppose -4*r - 211 + 255 = 0. Let f(k) = -k**3 + 10*k**2 + 14*k + 27. Suppose 5*m - 97 = -12. What is the remainder when f(r) is divided by m?
9
Let g(p) = 2*p + 2*p - 3*p + 2 - 12. Let h be g(22). Suppose h*k = 13*k - 9. What is the remainder when 44 is divided by k?
8
Calculate the remainder when 484 is divided by (-12 - -26 - 3) + (-2 - -215).
36
Let q(g) = g**2 - g + 4. Let r be q(0). Suppose 0 = -r*a - 5*n + 390, -5*n = 5*a - 0*a - 485. Let t = a + -91. What is the remainder when 29 is divided by t?
1
Suppose 106 = 9*n - 38. Let k = n + -20. Calculate the remainder when 62 is divided by (1 - (-25)/(-20)) + (-45)/k.
7
Suppose 21678*u = 21670*u + 9000. Calculate the remainder when u is divided by 141.
138
What is the remainder when (36 - -5*(4 + -2))/(1/3) is divided by 19?
5
Let m(n) = -n**2 + 12*n - 7. Let r be 2 + (-16)/(-4) + (-2 - -6). Calculate the remainder when 270 is divided by m(r).
10
Suppose 2*g + p = -2621 + 6575, -5941 = -3*g - 4*p. What is the remainder when g is divided by 23?
20
Suppose -3*h + 145 = -5*o + 35, h - 2*o = 38. Suppose 570 = 2*f + 94. Calculate the remainder when f is divided by h.
28
Suppose -7*d = 4*d + 429. Let q = d - -57. Suppose -2*r + 3*w + 2*w + 15 = 0, -3*r = w - 14. What is the remainder when q is divided by r?
3
Let x = -42 + 52. Let t = 620 + -593. Calculate the remainder when t is divided by x.
7
Let q(a) = 15*a**3 - 13*a**2 + 27*a + 4. Calculate the remainder when q(5) is divided by 65.
64
Suppose -13465 + 5276 = -19*l. What is the remainder when l is divided by 65?
41
Suppose n = 3 + 2. Suppose -n*r + 3*p = -100, -4*r = -0*r + 4*p - 80. What is the remainder when (-2 - 36)/(1/(-2)) is divided by r?
16
Let t(v) = -13*v - 21. Suppose 0 = -2*i + 2*z - 8, -i - 4 = 4*i + 3*z. Calculate the remainder when 21 is divided by t(i).
1
Let t(v) = 65*v**2 - 8*v + 13. Let s be t(2). Let l = -238 + s. Calculate the remainder when 130 is divided by l.
16
Suppose 5 = -l + 11. Let g be 140/l*90/35. Suppose -30 + g = v. What is the remainder when v is divided by 18?
12
Let c = 6018 + -5857. Calculate the remainder when 593 is divided by c.
110
Let w be (-2)/(-19) - (-3 - (-216)/(-114)). Suppose 24*n - 21*n = w*l - 338, 0 = n + 1. What is the remainder when l is divided by 38?
29
Let x be (1*(2 + 6))/2. Suppose -x*s + 110 + 134 = 0. What is the remainder when s is divided by 11/((-33)/(-9)) - (-3 - 2)?
5
Let p be (-16)/(-40) + 4/(-10). Suppose -3*y = -5*c - 427, -5*c = -2*y - p*c + 283. Let n = -130 + y. Calculate the remainder when 165 is divided by n.
11
Let r be 4 + (-2 - -3*64/6). Suppose -r*q + 60 = -29*q. What is the remainder when q is divided by 6?
0
Suppose -2167*z + 2168*z + 3*s - 43 = 0, -2*z + 3*s = -122. Calculate the remainder when 62 is divided by z.
7
Suppose -7*k = -40*k. Suppose -5*w - 3*m + 52 = -2, 4*w - 4*m - 56 = k. Calculate the remainder when 36 is divided by w.
0
What is the remainder when (-236250)/(-70) + (19 - -1) is divided by 17?
12
Suppose -t - 2*t = -5*h + 20, -8 = 4*h. Let k(z) = z**3 + 12*z**2 + 17*z + 15. Calculate the remainder when 46 is divided by k(t).
1
Let o = -124 - -377. Let u = o + -243. Let l = -12 - -19. Calculate the remainder when u is divided by l.
3
Suppose -3*w = 5*c - 966, -9*w = 110*c - 105*c - 2898. What is the remainder when w is divided by 56?
42
Suppose -l + t = -43 + 962, 2*l + 1824 = -5*t. Let y = 1022 + l. What is the remainder when y is divided by 97?
8
Suppose -5*q - 24 = 586. Let r = -55 - q. What is the remainder when r is divided by ((-6)/(-10))/(12*2216/2040 - 13)?
16
Let i(c) = -4 - 6 + 5*c + 10. Calculate the